divided by 1482307?
155
Calculate the remainder when 260765 is divided by 259145.
1620
Calculate the remainder when 28651 is divided by 774.
13
Calculate the remainder when 61657073 is divided by 61534.
5
Calculate the remainder when 15235555 is divided by 149368.
19
Calculate the remainder when 206568 is divided by 2435.
2028
Calculate the remainder when 78571 is divided by 876.
607
What is the remainder when 6290096 is divided by 1048300?
296
What is the remainder when 4298055 is divided by 226?
213
Calculate the remainder when 2245873 is divided by 7316.
7177
Calculate the remainder when 928113 is divided by 406.
403
What is the remainder when 1143428 is divided by 154?
132
What is the remainder when 8328613 is divided by 30?
13
What is the remainder when 1550856 is divided by 464?
168
Calculate the remainder when 41746766 is divided by 606.
32
Calculate the remainder when 51069 is divided by 25434.
201
What is the remainder when 467735 is divided by 26?
21
Calculate the remainder when 894353 is divided by 9414.
23
Calculate the remainder when 156231543 is divided by 12.
3
Calculate the remainder when 4106729 is divided by 2371.
157
What is the remainder when 77341569 is divided by 3975?
3969
Calculate the remainder when 2335240 is divided by 2335206.
34
Calculate the remainder when 94260209 is divided by 33.
32
Calculate the remainder when 27656397 is divided by 1213.
1210
What is the remainder when 830125 is divided by 276527?
544
What is the remainder when 4460814 is divided by 20?
14
What is the remainder when 6827249 is divided by 437?
435
What is the remainder when 2018955 is divided by 8665?
10
What is the remainder when 8226644 is divided by 12?
8
What is the remainder when 13063462 is divided by 326?
316
What is the remainder when 63604 is divided by 12660?
304
What is the remainder when 361122 is divided by 45135?
42
What is the remainder when 206345 is divided by 29435?
300
What is the remainder when 30612368 is divided by 449?
446
Calculate the remainder when 2556467 is divided by 92.
63
What is the remainder when 77392 is divided by 19110?
952
Calculate the remainder when 2669582 is divided by 220.
102
Calculate the remainder when 1345819 is divided by 140.
139
Calculate the remainder when 1067140 is divided by 4088.
172
Calculate the remainder when 119916 is divided by 19937.
294
What is the remainder when 6184676 is divided by 817?
803
What is the remainder when 2671837 is divided by 26?
25
What is the remainder when 16795240 is divided by 474?
472
Calculate the remainder when 2035975 is divided by 107.
86
Calculate the remainder when 22101758 is divided by 219.
59
What is the remainder when 39396 is divided by 2762?
728
Calculate the remainder when 1604684 is divided by 42.
32
Calculate the remainder when 422650 is divided by 66.
52
What is the remainder when 3979881 is divided by 209467?
8
Calculate the remainder when 7621420 is divided by 448317.
31
What is the remainder when 755053 is divided by 1430?
13
What is the remainder when 3016147 is divided by 377012?
51
What is the remainder when 9908727 is divided by 64?
55
What is the remainder when 8148620 is divided by 13?
12
What is the remainder when 30659 is divided by 30550?
109
What is the remainder when 307616 is divided by 5?
1
Calculate the remainder when 1522279 is divided by 373.
66
Calculate the remainder when 32538 is divided by 32333.
205
What is the remainder when 149444 is divided by 73835?
1774
Calculate the remainder when 524792 is divided by 6642.
74
Calculate the remainder when 127530 is divided by 5541.
87
What is the remainder when 94993 is divided by 86710?
8283
What is the remainder when 71816164 is divided by 133?
21
Calculate the remainder when 590590 is divided by 136.
78
Calculate the remainder when 1609166 is divided by 111.
110
Calculate the remainder when 3191603 is divided by 87.
8
Calculate the remainder when 185992873 is divided by 30998811.
7
What is the remainder when 1531395 is divided by 2701?
2629
Calculate the remainder when 410943935 is divided by 7006.
7005
What is the remainder when 9628804 is divided by 716?
36
What is the remainder when 2665204 is divided by 204999?
217
What is the remainder when 2464418 is divided by 6418?
6324
Calculate the remainder when 17862826 is divided by 3262.
114
What is the remainder when 5301548 is divided by 816?
812
Calculate the remainder when 1152311 is divided by 1151656.
655
What is the remainder when 4318756 is divided by 1250?
6
Calculate the remainder when 614108 is divided by 711.
515
What is the remainder when 1687011 is divided by 12977?
1
Calculate the remainder when 117988 is divided by 23502.
478
Calculate the remainder when 4587010 is divided by 90.
70
What is the remainder when 48076 is divided by 11930?
356
Calculate the remainder when 28334088 is divided by 69.
66
Calculate the remainder when 198009 is divided by 8994.
141
Calculate the remainder when 11274 is divided by 11249.
25
Calculate the remainder when 103111 is divided by 3112.
415
Calculate the remainder when 401475 is divided by 559.
113
What is the remainder when 126051 is divided by 6829?
3129
What is the remainder when 599290 is divided by 147?
118
What is the remainder when 3456247 is divided by 1956?
1951
What is the remainder when 1706609 is divided by 85329?
29
Calculate the remainder when 38400729 is divided by 896.
857
What is the remainder when 3321515 is divided by 358?
349
Calculate the remainder when 24324253 is divided by 998.
997
What is the remainder when 597850 is divided by 622?
108
What is the remainder when 3966774 is divided by 724?
702
What is the remainder when 452284 is divided by 1450?
1334
What is the remainder when 238461 is divided by 3442?
963
Calculate the remainder when 127953 is divided by 219.
57
Calculate the remainder when 91896 is divided by 32.
24
Calculate the remainder when 774729 is divided by 19367.
49
Calculate the remainder when 45101 is divided by 7476.
245
What is the remainder when 278696 is divided by 2824?
1944
Calculate the remainder when 757305 is divided by 63104.
57
Calculate the remainder when 21244 is divided by 718.
422
What is the remainder when 43060 is divided by 2463?
1189
Calculate the remainder when 1320698 is divided by 1792.
1786
Calculate the remainder when 81102 is divided by 1741.
1016
Calculate the remainder when 375205 is divided by 262.
21
Calculate the remainder when 229885 is divided by 114817.
251
Calculate the remainder when 4264518 is divided by 2377.
180
Calculate the remainder when 81889 is divided by 78291.
3598
Calculate the remainder when 3462123 is divided by 255.
243
What is the remainder when 5341075 is divided by 115?
15
What is the remainder when 79024 is divided by 1366?
1162
Calculate the remainder when 3523568 is divided by 3411.
5
What is the remainder when 221453 is divided by 4205?
2793
What is the remainder when 861791 is divided by 949?
99
Calculate the remainder when 15443138 is divided by 1793.
29
Calculate the remainder when 887439 is divided by 31.
2
Calculate the remainder when 15420517 is divided by 1276.
57
What is the remainder when 524265 is divided by 939?
303
What is the remainder when 142123 is divided by 504?
499
Calculate the remainder when 4690572 is divided by 67.
36
Calculate the remainder when 32607 is divided by 1168.
1071
What is the remainder when 745360 is divided by 387?
385
What is the remainder when 7702407 is divided by 42791?
27
What is the remainder when 60299 is divided by 831?
467
Calculate the remainder when 3373185 is divided by 1402.
1375
What is the remainder when 87780 is divided by 8775?
30
What is the remainder when 6779018 is divided by 616?
554
What is the remainder when 73613 is divided by 762?
461
What is the remainder when 1837095 is divided by 9?
6
Calculate the remainder when 21358119 is divided by 47148.
75
Calculate the remainder when 702207 is divided by 357.
345
Calculate the remainder when 4254791 is divided by 1063691.
27
What is the remainder when 991835 is divided by 121?
119
What is the remainder when 2146233 is divided by 1839?
120
Calculate the remainder when 168666 is divided by 3662.
214
What is the remainder when 2258336 is divided by 1909?
1898
Calculate the remainder whe